lse
Does 35 divide 51775332?
False
Is 20664105 a multiple of 105?
True
Is 17 a factor of 292774?
True
Is 208144160 a multiple of 2224?
True
Is 80 a factor of 249659024?
False
Does 29 divide 10335499?
False
Is 343184406 a multiple of 1330?
False
Is 85997753 a multiple of 15?
False
Is 29 a factor of 72725243?
True
Is 477201400 a multiple of 2756?
True
Is 30 a factor of 2026499850?
True
Is 2 a factor of 149934184?
True
Is 323130372 a multiple of 142?
True
Is 113 a factor of 635540380?
False
Does 466 divide 5844827834?
True
Does 37 divide 317700870?
True
Is 17739675 a multiple of 9?
True
Is 1831621764 a multiple of 147?
True
Is 190176170 a multiple of 48?
False
Does 1003 divide 2639139?
False
Is 17559617 a multiple of 20?
False
Is 38504220 a multiple of 1355?
False
Is 17 a factor of 29826590?
False
Is 1167 a factor of 549582967?
False
Is 53211520 a multiple of 61?
True
Does 10 divide 317351099?
False
Is 83562062 a multiple of 815?
False
Is 183 a factor of 304469225?
False
Is 2036281301 a multiple of 14?
False
Is 2374344 a multiple of 8?
True
Does 192 divide 2606653?
False
Is 1117 a factor of 52140358?
False
Does 4 divide 71070218?
False
Does 59 divide 198987143?
False
Does 65 divide 32034948?
False
Is 324202189 a multiple of 124?
False
Does 15 divide 2697735315?
True
Is 11977537 a multiple of 187?
True
Does 2082 divide 3905640456?
True
Does 4 divide 854552?
True
Is 83894698 a multiple of 282?
False
Does 390 divide 62577132?
False
Is 81430622 a multiple of 169?
True
Is 23320145 a multiple of 955?
True
Is 937 a factor of 59853682?
False
Does 391 divide 407977220?
True
Does 380 divide 6461917?
False
Is 100 a factor of 320444500?
True
Is 303 a factor of 1409109769?
False
Does 104 divide 1353589?
False
Is 1939 a factor of 7195629?
True
Is 790 a factor of 140477010?
True
Does 84 divide 376332432?
True
Does 13 divide 25089311?
True
Does 9 divide 240905518?
False
Is 124 a factor of 3695369?
False
Is 133162364 a multiple of 92?
True
Is 3660 a factor of 310287645?
False
Does 1205 divide 7232882360?
True
Is 2978 a factor of 2616908566?
True
Does 5631 divide 640819822?
False
Is 278760 a multiple of 920?
True
Does 19 divide 72182377?
False
Is 3700 a factor of 93768077?
False
Is 1961557233 a multiple of 1667?
True
Is 58201193 a multiple of 31?
False
Is 1211450876 a multiple of 3628?
True
Is 1809662904 a multiple of 36?
True
Does 272 divide 19106640?
True
Does 47 divide 11232110?
False
Does 223 divide 175957704?
True
Is 32 a factor of 16515360?
True
Is 113 a factor of 22881370?
True
Does 178 divide 67047082?
True
Is 469 a factor of 1044612611?
True
Is 13 a factor of 217775082?
False
Is 9315072 a multiple of 39?
True
Is 50352080 a multiple of 13?
False
Does 75 divide 345259590?
False
Is 134809856 a multiple of 5437?
False
Is 4 a factor of 56876899?
False
Is 97675710 a multiple of 33?
True
Is 22 a factor of 22495586?
False
Is 195 a factor of 26338455?
True
Is 4892 a factor of 431895112?
True
Does 9 divide 1977205874?
False
Is 56685980 a multiple of 13?
True
Does 33 divide 19732729?
False
Is 71436486 a multiple of 22?
True
Does 915 divide 58628900?
False
Does 997 divide 1842236660?
True
Does 2424 divide 136970544?
True
Does 1579 divide 1795234840?
False
Is 1888 a factor of 534221098?
False
Is 19934575 a multiple of 275?
False
Is 87 a factor of 285565755?
True
Does 21 divide 1628387?
False
Is 140666890 a multiple of 26?
True
Is 63915184 a multiple of 985?
False
Does 126 divide 22937698?
False
Is 6628192 a multiple of 344?
True
Is 364 a factor of 308460062?
False
Is 13719 a factor of 969997168?
False
Does 1399 divide 1464725760?
False
Does 5 divide 27170480?
True
Is 261860060 a multiple of 161?
True
Is 35423535 a multiple of 35?
True
Is 7 a factor of 67302696?
False
Is 15819720 a multiple of 60?
True
Is 29058127 a multiple of 1709?
True
Is 274041704 a multiple of 82?
True
Does 962 divide 1493215110?
False
Is 1979 a factor of 213594628?
False
Is 159 a factor of 132677391?
True
Is 199755634 a multiple of 684?
False
Is 117579952 a multiple of 14?
True
Is 727 a factor of 17256560?
False
Is 60 a factor of 703485900?
True
Is 3260374181 a multiple of 241?
False
Is 339 a factor of 17666490?
False
Is 32 a factor of 50760064?
True
Does 32 divide 109109957?
False
Is 75551110 a multiple of 41?
True
Is 60374137 a multiple of 31?
False
Is 194 a factor of 2044637004?
True
Is 822 a factor of 19395090?
True
Does 161 divide 4723740?
True
Is 369 a factor of 2132881254?
True
Is 1506 a factor of 195798072?
True
Is 650 a factor of 45993918?
False
Is 82 a factor of 93565451?
False
Does 1082 divide 32636366?
True
Is 833855325 a multiple of 100?
False
Is 1334 a factor of 803618942?
True
Is 167 a factor of 47197373?
True
Does 85 divide 823225?
True
Does 2207 divide 100180144?
True
Is 8894 a factor of 2536942348?
True
Is 6167853780 a multiple of 11?
True
Is 784649184 a multiple of 4092?
True
Is 197384284 a multiple of 7?
False
Is 1563410136 a multiple of 5624?
True
Is 70949344 a multiple of 62?
False
Does 73 divide 855776270?
False
Is 273277131 a multiple of 172?
False
Does 2669 divide 1603076132?
True
Is 32939004 a multiple of 17?
False
Does 107 divide 116459549?
True
Does 55 divide 752977060?
True
Is 1027 a factor of 46916441?
True
Is 2947304 a multiple of 4?
True
Is 3520 a factor of 134052160?
True
Does 9 divide 3374222408?
False
Is 6408095 a multiple of 105?
False
Is 277984576 a multiple of 10018?
False
Is 2769 a factor of 19017492?
True
Is 332795872 a multiple of 2732?
False
Does 267 divide 6749226?
True
Is 261 a factor of 139943090?
False
Is 13853085 a multiple of 32?
False
Is 613960776 a multiple of 351?
True
Does 741 divide 18616143?
True
Does 783 divide 53301159?
True
Does 13 divide 30690104?
False
Does 95 divide 1586957166?
False
Is 2577 a factor of 31701995?
False
Is 357712621 a multiple of 396?
False
Is 2471 a factor of 58019080?
True
Is 241890826 a multiple of 2609?
True
Is 733 a factor of 2364816932?
False
Is 73 a factor of 11651672?
False
Is 60 a factor of 41055600?
True
Is 9 a factor of 3685495?
False
Is 2236604931 a multiple of 4827?
True
Does 123 divide 7302387?
True
Is 157 a factor of 3405330?
True
Does 43 divide 14043972?
True
Does 276 divide 19900664?
False
Is 1943 a factor of 105611765?
True
Is 3138840 a multiple of 30?
True
Is 28224168 a multiple of 20?
False
Does 3 divide 1957827?
True
Does 182 divide 15472730?
True
Does 1727 divide 1895762972?
False
Is 2311510207 a multiple of 424?
False
Is 25502597 a multiple of 500?
False
Is 246 a factor of 6343110?
True
Does 63 divide 2912307998?
False
Is 72958125 a multiple of 501?
True
Does 2159 divide 994668156?
False
Does 19 divide 38661884?
True
Is 1036 a factor of 2328863768?
True
Is 42570527 a multiple of 24?
False
Is 7 a factor of 2906348?
False
Does 3 divide 347421453?
True
Is 27855400 a multiple of 20?
True
Is 27 a factor of 2880382140?
True
Is 255882119 a multiple of 69?
False
Does 117 divide 9190350?
True
Is 11 a factor of 24778644?
True
Is 12 a factor of 2971166?
False
Does 455 divide 17770853?
False
Does 41 divide 144288881?
True
Is 7 a factor of 126707608?
False
Is 37236272 a multiple of 1087?
True
Does 136 divide 21323990?
False
Is 10525964 a multiple of 1966?
True
Does 7 divide 58718088?
False
Is 4082691200 a multiple of 3395?
True
Is 24172376 a multiple of 417?
False
Is 33529037 a multiple of 6?
False
Is 1839 a factor of 9497825?
False
Is 5 a factor of 46235328?
False
Is 1262902336 a multiple of 64?
True
Does 187 divide 12169025?
True
Does 2459 divide 32598963?
True
Does 4 divide 2880164708?
True
Is 10 a factor of 34063827?
False
Is 783613872 a multiple of 1044?
True
Is 6 a factor of 9406337?
False
Is 23 a factor of 464552?
False
Is 222706560 a multiple of 1158?
True
Does 17 divide 57628691?
True
Is 921690333 a multiple of 6921?
True
Is 227 a factor of 45534686?
False
Does 334 divide 24732164?
False
Does 653 divide 12407653?
True
Does 8013 divide 2185102024?
False
Is 233546515 a multiple of 899?
False
Does 97 divide 5612863?
False
Is 6279736 a multiple of 24?
False
Is 360726145 a multiple of 17?
True
Is 471795012 a multiple of 3?
True
Does 365 divide 579858255?
False
Does 139 divide 1241867526?
False
Does 2658 divide 319271224?
False
Is 941 a factor of 1214420724?
True
Is 110999675 a multiple of 33?
False
Is 1